. Let v(b) = 3*q(b) + 4*r(b). What is v(-4)?
-15
Suppose 0 = 9*d - 20 - 7. Let l(z) be the first derivative of 83 + 3*z - 3/2*z**2. Give l(d).
-6
Let j(o) = -o**2 + 4*o + 5. Let u be j(4). Suppose -q + 4*q - 111 = u*c, 29 = q + c. Let f = q + -36. Let p(z) = -3*z - 6. Determine p(f).
6
Suppose -z + 3*i + 18 = 0, -3*i + 0 = -3*z + 30. Suppose z*c = -12*c. Let w(r) = -r**2 + 15. Determine w(c).
15
Suppose -4*s = -3*l + 1023, 0*s - 3*s + 2*l = 766. Let f be (s/(-140))/(2/(-10)). Let j(x) = x + 12. Determine j(f).
3
Let s(z) = 2*z + 2. Let k(w) = 18*w - 87. Let y(o) = -k(o) + 6*s(o). Determine y(17).
-3
Suppose 17*d - 14*d + 5 = 5*t, 0 = 3*t + 4*d - 3. Let y(m) = -m**3 + 5*m**2 + 6*m + 2. Let b be y(6). Let r(c) = 2 - 3 + 7*c**3 + c**3 + b*c. What is r(t)?
9
Suppose 13*s = 134717 + 15420. Let t(l) = -2 - s*l + 11550*l + 0 - 1. Give t(9).
6
Let a(j) = 87*j - 130. Let s(n) = -13*n + 18. Let t(l) = 3*a(l) + 20*s(l). Give t(33).
3
Let h = 61 + -67. Let m be (-33)/(-11)*(-86)/h - -2. Let p(v) = 4*v - 47 - m + 94 + 0*v. Calculate p(2).
10
Let w(k) be the second derivative of -10*k**3/3 + 173*k**2/2 + 1962*k. Give w(8).
13
Suppose -2 + 37 = -7*q. Let s(h) = -h**3 + 19*h**2 - 4*h + 13. Let c(p) = -3*p**2 - 2. Let v(j) = 8*c(j) + s(j). Give v(q).
17
Let a(z) = z**2 - 11*z + 9. Suppose 0 = -7*q + 798 + 3367. Let i = q - 587. Give a(i).
-15
Let t(u) be the second derivative of -u**5/20 + 13*u**4/12 - 2*u**3 + 13*u**2/2 - 33260*u. Let l = 38 + -26. Determine t(l).
13
Let v(r) be the second derivative of r**5/20 + r**4/2 - r**3/3 - 3*r**2 + 118*r. What is v(-6)?
6
Let y(b) be the first derivative of b**2 - 7*b - 1116. Determine y(7).
7
Let k(r) = r**3 - 6*r**2 - 3*r + 20. Let u(z) = z**3 - 40*z**2 - 274*z - 86. Let t be u(46). What is k(t)?
2
Let x(f) = f**3 - 9*f**2 - 9*f - 10. Suppose 33*p + 33*p - 64*p = 20. Give x(p).
0
Let y(m) = -37*m**2 + 2*m + 7. Let c(r) = -46*r**2 + 3*r + 9. Let k(b) = -4*c(b) + 5*y(b). Let o(g) = -3*g**2 - g + 1. Let i be o(1). Give k(i).
-4
Let w = -2082 - -2097. Let v(q) = -2*q + 20. What is v(w)?
-10
Let j(w) = w**2 + 6*w + 6. Let i be j(-6). Suppose -2*r = -4*k - 124, 3*r + 29*k = 24*k + 208. Let m(l) = 67*l - r*l - 22 - l**2 + 30. Calculate m(i).
-22
Let b(o) be the first derivative of -2*o**3/3 - o**2/2 - 3*o - 4742. What is b(-3)?
-18
Let c(f) = -f**3 + 2*f**2 + 9*f + 11. Let k be c(0). Suppose -r - 5*s = -23, 30 - k = -2*r + 3*s. Let a(q) = -2*q**2 - 4*q - 3. What is a(r)?
-3
Let s(g) be the third derivative of -g**6/72 - g**5/120 - g**4/24 - 44*g**3/3 + 50*g**2. Let k(n) be the first derivative of s(n). What is k(-1)?
-5
Let j(i) be the third derivative of 13*i**4/24 + 27*i**3/2 + 18*i**2 + 11. Calculate j(-8).
-23
Let g = 50 + -46. Let q(c) = -9*c - 10 + c**2 + 0*c**2 + g + 0. Let x = 85 - 76. Determine q(x).
-6
Let h(u) = 5*u**2 + 83*u + 46. Let m be h(-16). Let x(o) = 3*o**2 - 3*o - 1. Give x(m).
17
Let b(f) = -f**2 - 7*f + 5. Let s be (-1 + (-1 - -8))*2/3. Suppose 4 = -5*c + s. Suppose -42 + c = 7*i. Give b(i).
11
Suppose -3*h + 29 = 2*g, 3*g - 10*h = -11*h + 33. Let c(p) = -p**3 + 12*p**2 - 31*p + 95. Let v be c(g). Let b(f) = -f**2 - 14*f + 18. Give b(v).
3
Let j be 44/8 + (-1)/(-2). Suppose k = -2*l + j, -2*k - 2*k = 2*l - 12. Let v(p) = p**3 - 2*p**3 - 2 - 43*p**2 + 45*p**l. Determine v(2).
-2
Let b be -6 + (2 + 9 - 64/8). Let j(a) = -8*a**2 - 9*a - 1. Suppose -3*w - 9 = 9. Let m(n) = -7*n**2 - 8*n - 1. Let l(p) = w*m(p) + 5*j(p). Determine l(b).
10
Let d be 15/(-10)*(-8)/(-78) - 612/78. Suppose 2*r = -4*p - 0*r + 16, r - 14 = -5*p. Let f(h) = -2*h + p - 3 - 2 - 9. What is f(d)?
4
Let k(g) = -7*g**2 + 26*g - 47. Let q(w) = 6*w**2 - w + 1. Let l(j) = -k(j) - 2*q(j). Calculate l(2).
-23
Let j(o) = 2*o - 16. Let s be j(5). Let v(q) = -q - 10. Let x be v(s). Let w(k) = -4*k + 5. Give w(x).
21
Let u(a) = 2*a**2 - 2*a + 2. Suppose 2*i = -5*w + 4 - 0, -3*w = 5*i + 9. Let z be u(w). Let y(r) = z - 6 + 10 + 8*r**2 + r**3 + 11*r. What is y(-7)?
-18
Let l(j) = 494*j**2 + 91*j - 91. Let n(z) = 11*z**2 + 2*z - 2. Let q(i) = -4*l(i) + 182*n(i). What is q(1)?
26
Suppose 5*p = -20, -2*z + 4*p = 6*p - 238. Let m = 115 - z. Let c(i) = i**3 + 8*i**2 + i + 4. Calculate c(m).
-4
Let i(h) = -3*h + 5. Let v(p) be the second derivative of -p**4/12 + p**3 - 21*p. Let a be v(5). Give i(a).
-10
Let b(o) = 33 - o - 11 - 17. Suppose 2*t + 2*k - 16 = -t, -2*t = 3*k - 9. Determine b(t).
-1
Suppose -5*r + 1081 - 1026 = 6*r. Let i(z) = -4*z + 7. Give i(r).
-13
Let g(m) be the first derivative of 1/3*m**3 + 8*m + 8 + 7/2*m**2. What is g(-7)?
8
Let f(s) = s**3 - 5*s**2 - 6*s + 1. Let r be f(6). Let d(j) = r - j**2 + 7 - 8 - j**3 + 3*j. What is d(-3)?
9
Let o(s) = s**3 - 4*s**2 - 8*s + 11. Let j be (-24*6/(-12))/((-5)/((-5)/2)). Calculate o(j).
35
Suppose -28 = -4*d + 451*c - 452*c, 4*c - 104 = -15*d. Let b(y) be the first derivative of -y**4/4 + 10*y**3/3 - 5*y**2 - 5*y + 3. Determine b(d).
43
Let t(k) be the first derivative of -k**3/3 + k**2/2 + 9*k - 23576. Let h(z) = z - 4. Let o be h(0). Determine t(o).
-11
Let r(c) = 14*c + 17. Let h(w) = -45*w - 61. Let u(f) = 3*h(f) + 8*r(f). Give u(-3).
22
Suppose -3*b + 3*v + 24 = 0, -4*v = 2*b - 4*b + 12. Let m(d) = -4*d - b + 3*d - 2*d + 4*d. Suppose 4*k = -c + 36, 5*k + c + 2*c = 45. Give m(k).
-1
Let j(p) = p**2 - 9*p + 21. Suppose 4*h = x + 21, -3*x - 24 = 5*h - 46. Determine j(h).
1
Let u(f) = 44*f + 232. Let z be u(-5). Suppose 0 = -z*l + 14*l - 6. Let d(t) = -3*t**2 - 5*t + 3. Give d(l).
-39
Let y = -22006 - -22012. Let s(i) = -i**3 + 5*i**2 - 10*i - 12. Calculate s(y).
-108
Let v(o) = -9*o**3 - 41*o**2 - 53*o + 195. Let x(g) = 4*g**3 + 19*g**2 + 26*g - 97. Let p(w) = -5*v(w) - 11*x(w). Determine p(4).
8
Let c(d) be the third derivative of d**5/60 - 3*d**3/2 - 222*d**2 + 11. Let f be (-5)/2 + 1/2. Let q = f + 2. What is c(q)?
-9
Let j(y) = 3*y**3 + 77*y**2 - 27*y - 31. Suppose 69 = 5*p - d + 198, 4*p + 108 = -4*d. Give j(p).
-5
Let o = 16625 + -16622. Let v(c) be the second derivative of 0 + 0*c**4 + 1/5*c**5 + 0*c**2 + 0*c**o - 11*c. What is v(1)?
4
Let m(u) = 13*u - 7. Let r be m(1). Let c be 52 - (6/(-1) - (3 - r)). Let n = 50 - c. Let k(h) = h**2 + h - 6. What is k(n)?
14
Suppose -21*w = -6*w. Let a(t) be the second derivative of -t**3/6 + 3*t**2/2 + 9*t. What is a(w)?
3
Suppose 2*f - 4*t - 30 = 0, 2*f + 4*t + 27 = 3*f. Let p(l) = -19*l + 61. Give p(f).
4
Let r be (-1)/(-4) + 30/(-24). Let b(t) be the second derivative of 0*t**4 + 3/5*t**5 + 1/3*t**3 - 8 + 2*t + 1/2*t**2. What is b(r)?
-13
Let a(o) = o**3 + 2*o**2 + o + 4. Let b = 491 - 494. Let f be (-279)/99 - ((-93)/33 - b). Determine a(f).
-8
Let v(b) be the first derivative of -b**3/3 + 3*b**2/2 + 63*b + 53. Let a be v(-6). Let j(c) = 4*c + 1. Calculate j(a).
37
Let t(f) = f**3 - 9*f**2 - 9*f + 8. Let o(x) = -100*x - 1291. Let s be o(-13). Calculate t(s).
-73
Let m = -164 - -167. Let n(p) = 5*p**3 + 2*p**2 - 2*p - m*p**3 + 6 - 7. Determine n(-2).
-5
Let j(o) = 5*o**3 + 111*o**2 + 18*o - 114. Let g be j(-22). Let k(h) = 4*h**2 + 102*h - 57. Give k(g).
-5
Let t(g) = -465 + 38*g + 474 - 24*g - 19*g. Calculate t(6).
-21
Let n(d) = -2*d + 18388 - 18388 - 6*d + 9*d. What is n(-19)?
-19
Let h = -1586 - -1578. Let m(i) = -i**2 - 25*i - 137. Give m(h).
-1
Let c(t) be the third derivative of -1/3*t**3 + 2*t**2 + 5/24*t**4 + 10*t + 0. What is c(-3)?
-17
Suppose 2*o - 30 = 4*m, -5*o + 2*m = -28 - 7. Let d(z) = -15*z + 71. Give d(o).
-4
Let x(f) = -f**2 - 22*f - 18. Suppose 29*b + 14*b = 56 - 959. Calculate x(b).
3
Let y = 28 - 35. Let t = -18 - -28. Let p(g) = 3*g - 10*g - g**3 - t*g**2 + 2*g**2 - 8 - 2*g. Calculate p(y).
6
Let b(x) = 0*x + 2 + 0*x - 2*x - 5*x**2 + x**3. Let p(m) be the second derivative of -m**3/3 - 21*m**2/2 + m + 3. Let f be p(-13). Determine b(f).
-8
Let f be (-18)/14 - 2/(-7). Let y be f/3 + 42/(-9). Let i(q) = -19*q**2 + 164*q + 23. Let b(w) = 7*w**2 - 62*w - 8. Let h(o) = -8*b(o) - 3*i(o). Give h(y).
0
Let n = -154383 + 154380. Let c(k) = 0*k + 1 - 4*k - k**2 + 0*k. What is c(n)?
4
Let r(o) be the second derivative of o**4/12 - o**3 + 15*o**2/2 - 5202*o. Give r(0).
15
Suppose -9*z = -13*z + 12, 3*k = -z - 6. Let c(n) = -7*n - 5. Determine c(k).
16
Let q(m) = m**2 - 1 - 10*m**3 + m**2 - m**3 - 38*m**3 + 18*m**3. Let c be (-3